{"id":168,"date":"2024-01-30T17:57:22","date_gmt":"2024-01-30T16:57:22","guid":{"rendered":"https:\/\/npcfotografia.site\/?page_id=168"},"modified":"2024-03-11T20:08:06","modified_gmt":"2024-03-11T19:08:06","slug":"inicio","status":"publish","type":"page","link":"https:\/\/npcfotografia.site\/","title":{"rendered":"Inicio"},"content":{"rendered":"\n<div class=\"wp-block-columns is-layout-flex wp-container-core-columns-layout-1 wp-block-columns-is-layout-flex\">\n<div class=\"wp-block-column is-layout-flow wp-block-column-is-layout-flow\">\n<p>Mi nombre es NASTASIE POPESCU CLAUDIU<br>Nac\u00ed en Drobeta Turnu Severin, una hermosa ciudad de Rumania, que se encuentra en la orilla derecha del Danubio, aguas abajo de Puertas de Hierro.<br><br>Me gusta la fotograf\u00eda, visitar lugares donde puedas capturar im\u00e1genes \u00fanicas, momentos especiales y la belleza de las personas.<br><br>La naturaleza y los paisajes son los que mas aprecio, disfruto capturar emociones y contar historias a trav\u00e9s de mis fotograf\u00edas.<br><br>Tener enfoques creativos y experimentar con diferentes t\u00e9cnicas y estilos para crear im\u00e1genes \u00fanicas.<\/p>\n<\/div>\n\n\n\n<div class=\"wp-block-column is-layout-flow wp-block-column-is-layout-flow\">\n<figure class=\"wp-block-image size-large\"><img loading=\"lazy\" decoding=\"async\" width=\"1600\" height=\"2560\" src=\"https:\/\/npcfotografia.site\/wp-content\/uploads\/2024\/03\/npc2a-edited-scaled.jpg\" alt=\"\" class=\"wp-image-269\" srcset=\"https:\/\/npcfotografia.site\/wp-content\/uploads\/2024\/03\/npc2a-edited-scaled.jpg 1600w, https:\/\/npcfotografia.site\/wp-content\/uploads\/2024\/03\/npc2a-edited-188x300.jpg 188w, https:\/\/npcfotografia.site\/wp-content\/uploads\/2024\/03\/npc2a-edited-640x1024.jpg 640w, https:\/\/npcfotografia.site\/wp-content\/uploads\/2024\/03\/npc2a-edited-768x1228.jpg 768w, https:\/\/npcfotografia.site\/wp-content\/uploads\/2024\/03\/npc2a-edited-960x1536.jpg 960w, https:\/\/npcfotografia.site\/wp-content\/uploads\/2024\/03\/npc2a-edited-1280x2048.jpg 1280w, https:\/\/npcfotografia.site\/wp-content\/uploads\/2024\/03\/npc2a-edited-413x660.jpg 413w\" sizes=\"(max-width: 1600px) 100vw, 1600px\" \/><\/figure>\n<\/div>\n<\/div>\n\n\n\n<hr class=\"wp-block-separator has-text-color has-gray-color has-alpha-channel-opacity has-gray-background-color has-background is-style-wide\"\/>\n\n\n\n<div class=\"wp-block-columns are-vertically-aligned-center is-layout-flex wp-container-core-columns-layout-3 wp-block-columns-is-layout-flex\">\n<div class=\"wp-block-column is-vertically-aligned-center is-layout-flow wp-block-column-is-layout-flow\" style=\"font-size:13px;flex-basis:100%\">\n<div class=\"wp-block-columns is-not-stacked-on-mobile is-layout-flex wp-container-core-columns-layout-2 wp-block-columns-is-layout-flex\">\n<div class=\"wp-block-column is-vertically-aligned-center is-layout-flow wp-block-column-is-layout-flow\">\n<div class=\"wp-block-group is-layout-constrained wp-block-group-is-layout-constrained\"><div class=\"wp-block-group__inner-container\"><div class=\"wp-block-image\">\n<figure class=\"aligncenter size-large is-resized\"><a href=\"https:\/\/npcfotografia.site\/?page_id=342\"><img loading=\"lazy\" decoding=\"async\" width=\"1600\" height=\"2560\" src=\"https:\/\/npcfotografia.site\/wp-content\/uploads\/2024\/03\/d9-edited-1-scaled.jpg\" alt=\"novia\" class=\"wp-image-260\" style=\"width:278px\" srcset=\"https:\/\/npcfotografia.site\/wp-content\/uploads\/2024\/03\/d9-edited-1-scaled.jpg 1600w, https:\/\/npcfotografia.site\/wp-content\/uploads\/2024\/03\/d9-edited-1-188x300.jpg 188w, https:\/\/npcfotografia.site\/wp-content\/uploads\/2024\/03\/d9-edited-1-640x1024.jpg 640w, https:\/\/npcfotografia.site\/wp-content\/uploads\/2024\/03\/d9-edited-1-768x1229.jpg 768w, https:\/\/npcfotografia.site\/wp-content\/uploads\/2024\/03\/d9-edited-1-960x1536.jpg 960w, https:\/\/npcfotografia.site\/wp-content\/uploads\/2024\/03\/d9-edited-1-1280x2048.jpg 1280w, https:\/\/npcfotografia.site\/wp-content\/uploads\/2024\/03\/d9-edited-1-413x660.jpg 413w\" sizes=\"(max-width: 1600px) 100vw, 1600px\" \/><\/a><\/figure><\/div>\n\n\n<p class=\"has-text-align-center\" style=\"font-size:15px\">BODAS<\/p>\n<\/div><\/div>\n<\/div>\n\n\n\n<div class=\"wp-block-column is-layout-flow wp-block-column-is-layout-flow\">\n<div class=\"wp-block-group is-layout-constrained wp-block-group-is-layout-constrained\"><div class=\"wp-block-group__inner-container\">\n<div class=\"wp-block-group is-layout-constrained wp-block-group-is-layout-constrained\"><div class=\"wp-block-group__inner-container\"><div class=\"wp-block-image\">\n<figure class=\"aligncenter size-large is-resized wp-duotone-000000-ffffff-1\"><a href=\"https:\/\/npcfotografia.site\/?page_id=344\"><img loading=\"lazy\" decoding=\"async\" width=\"1600\" height=\"2560\" src=\"https:\/\/npcfotografia.site\/wp-content\/uploads\/2024\/03\/puente-almudena-5-edited-1-scaled.jpg\" alt=\"\" class=\"wp-image-261\" style=\"width:278px;height:auto\" srcset=\"https:\/\/npcfotografia.site\/wp-content\/uploads\/2024\/03\/puente-almudena-5-edited-1-scaled.jpg 1600w, https:\/\/npcfotografia.site\/wp-content\/uploads\/2024\/03\/puente-almudena-5-edited-1-188x300.jpg 188w, https:\/\/npcfotografia.site\/wp-content\/uploads\/2024\/03\/puente-almudena-5-edited-1-640x1024.jpg 640w, https:\/\/npcfotografia.site\/wp-content\/uploads\/2024\/03\/puente-almudena-5-edited-1-768x1229.jpg 768w, https:\/\/npcfotografia.site\/wp-content\/uploads\/2024\/03\/puente-almudena-5-edited-1-960x1536.jpg 960w, https:\/\/npcfotografia.site\/wp-content\/uploads\/2024\/03\/puente-almudena-5-edited-1-1280x2048.jpg 1280w, https:\/\/npcfotografia.site\/wp-content\/uploads\/2024\/03\/puente-almudena-5-edited-1-413x660.jpg 413w\" sizes=\"(max-width: 1600px) 100vw, 1600px\" \/><\/a><\/figure><\/div><\/div><\/div>\n\n\n\n<p class=\"has-text-align-center\" style=\"font-size:16px\">PAISAJES<\/p>\n<\/div><\/div>\n<\/div>\n\n\n\n<div class=\"wp-block-column is-layout-flow wp-block-column-is-layout-flow\">\n<div class=\"wp-block-group is-layout-constrained wp-block-group-is-layout-constrained\"><div class=\"wp-block-group__inner-container\"><div class=\"wp-block-image\">\n<figure class=\"aligncenter size-large is-resized\"><a href=\"https:\/\/npcfotografia.site\/?page_id=346\"><img loading=\"lazy\" decoding=\"async\" width=\"1600\" height=\"2560\" src=\"https:\/\/npcfotografia.site\/wp-content\/uploads\/2024\/03\/r2a-1-edited-scaled.jpg\" alt=\"\" class=\"wp-image-310\" style=\"width:281px;height:auto\" srcset=\"https:\/\/npcfotografia.site\/wp-content\/uploads\/2024\/03\/r2a-1-edited-scaled.jpg 1600w, https:\/\/npcfotografia.site\/wp-content\/uploads\/2024\/03\/r2a-1-edited-188x300.jpg 188w, https:\/\/npcfotografia.site\/wp-content\/uploads\/2024\/03\/r2a-1-edited-640x1024.jpg 640w, https:\/\/npcfotografia.site\/wp-content\/uploads\/2024\/03\/r2a-1-edited-768x1229.jpg 768w, https:\/\/npcfotografia.site\/wp-content\/uploads\/2024\/03\/r2a-1-edited-960x1536.jpg 960w, https:\/\/npcfotografia.site\/wp-content\/uploads\/2024\/03\/r2a-1-edited-1280x2048.jpg 1280w, https:\/\/npcfotografia.site\/wp-content\/uploads\/2024\/03\/r2a-1-edited-413x660.jpg 413w\" sizes=\"(max-width: 1600px) 100vw, 1600px\" \/><\/a><\/figure><\/div>\n\n\n<p class=\"has-text-align-center\" style=\"font-size:15px\">RETRATOS<\/p>\n<\/div><\/div>\n<\/div>\n<\/div>\n<\/div>\n<\/div>\n\n\n\n<div class=\"wp-block-buttons is-content-justification-center is-layout-flex wp-container-core-buttons-layout-1 wp-block-buttons-is-layout-flex\">\n<div class=\"wp-block-button has-custom-font-size is-style-outline has-normal-font-size\" style=\"font-style:normal;font-weight:100\"><a class=\"wp-block-button__link wp-element-button\" href=\"https:\/\/npcfotografia.site\/?page_id=173\" style=\"border-radius:8px\">PORFOLIO<\/a><\/div>\n<\/div>\n\n\n\n<hr class=\"wp-block-separator has-text-color has-gray-color has-alpha-channel-opacity has-gray-background-color has-background is-style-wide\"\/>\n\n\n\n<figure class=\"wp-block-gallery alignwide has-nested-images columns-default is-cropped wp-block-gallery-2 is-layout-flex wp-block-gallery-is-layout-flex\">\n<figure class=\"wp-block-image size-full\"><img loading=\"lazy\" decoding=\"async\" width=\"1080\" height=\"1349\" data-id=\"131\" src=\"https:\/\/npcfotografia.site\/wp-content\/uploads\/2024\/01\/3.jpg\" alt=\"\" class=\"wp-image-131\" srcset=\"https:\/\/npcfotografia.site\/wp-content\/uploads\/2024\/01\/3.jpg 1080w, https:\/\/npcfotografia.site\/wp-content\/uploads\/2024\/01\/3-240x300.jpg 240w, https:\/\/npcfotografia.site\/wp-content\/uploads\/2024\/01\/3-820x1024.jpg 820w, https:\/\/npcfotografia.site\/wp-content\/uploads\/2024\/01\/3-768x959.jpg 768w\" sizes=\"(max-width: 1080px) 100vw, 1080px\" \/><\/figure>\n\n\n\n<figure class=\"wp-block-image size-full\"><img loading=\"lazy\" decoding=\"async\" width=\"1080\" height=\"682\" data-id=\"120\" src=\"https:\/\/npcfotografia.site\/wp-content\/uploads\/2024\/01\/2.jpg\" alt=\"\" class=\"wp-image-120\" srcset=\"https:\/\/npcfotografia.site\/wp-content\/uploads\/2024\/01\/2.jpg 1080w, https:\/\/npcfotografia.site\/wp-content\/uploads\/2024\/01\/2-300x189.jpg 300w, https:\/\/npcfotografia.site\/wp-content\/uploads\/2024\/01\/2-1024x647.jpg 1024w, https:\/\/npcfotografia.site\/wp-content\/uploads\/2024\/01\/2-768x485.jpg 768w\" sizes=\"(max-width: 1080px) 100vw, 1080px\" \/><\/figure>\n\n\n\n<figure class=\"wp-block-image size-full\"><img loading=\"lazy\" decoding=\"async\" width=\"1080\" height=\"720\" data-id=\"74\" src=\"https:\/\/npcfotografia.site\/wp-content\/uploads\/2024\/01\/foto3.jpg\" alt=\"\" class=\"wp-image-74\" srcset=\"https:\/\/npcfotografia.site\/wp-content\/uploads\/2024\/01\/foto3.jpg 1080w, https:\/\/npcfotografia.site\/wp-content\/uploads\/2024\/01\/foto3-300x200.jpg 300w, https:\/\/npcfotografia.site\/wp-content\/uploads\/2024\/01\/foto3-1024x683.jpg 1024w, https:\/\/npcfotografia.site\/wp-content\/uploads\/2024\/01\/foto3-768x512.jpg 768w\" sizes=\"(max-width: 1080px) 100vw, 1080px\" \/><\/figure>\n\n\n\n<figure class=\"wp-block-image size-full\"><img loading=\"lazy\" decoding=\"async\" width=\"1080\" height=\"720\" data-id=\"69\" src=\"https:\/\/npcfotografia.site\/wp-content\/uploads\/2024\/01\/Photoby@npc_fotografiaEstadioWandaMetropolitanomadridcitywandametropolitanomadridmolamadridmonumentalespanapic.jpg\" alt=\"\" class=\"wp-image-69\" srcset=\"https:\/\/npcfotografia.site\/wp-content\/uploads\/2024\/01\/Photoby@npc_fotografiaEstadioWandaMetropolitanomadridcitywandametropolitanomadridmolamadridmonumentalespanapic.jpg 1080w, https:\/\/npcfotografia.site\/wp-content\/uploads\/2024\/01\/Photoby@npc_fotografiaEstadioWandaMetropolitanomadridcitywandametropolitanomadridmolamadridmonumentalespanapic-300x200.jpg 300w, https:\/\/npcfotografia.site\/wp-content\/uploads\/2024\/01\/Photoby@npc_fotografiaEstadioWandaMetropolitanomadridcitywandametropolitanomadridmolamadridmonumentalespanapic-1024x683.jpg 1024w, https:\/\/npcfotografia.site\/wp-content\/uploads\/2024\/01\/Photoby@npc_fotografiaEstadioWandaMetropolitanomadridcitywandametropolitanomadridmolamadridmonumentalespanapic-768x512.jpg 768w\" sizes=\"(max-width: 1080px) 100vw, 1080px\" \/><\/figure>\n\n\n\n<figure class=\"wp-block-image size-full\"><img loading=\"lazy\" decoding=\"async\" width=\"2560\" height=\"1336\" data-id=\"286\" src=\"https:\/\/npcfotografia.site\/wp-content\/uploads\/2024\/03\/PUESTA-DE-SOL--scaled.jpg\" alt=\"\" class=\"wp-image-286\" srcset=\"https:\/\/npcfotografia.site\/wp-content\/uploads\/2024\/03\/PUESTA-DE-SOL--scaled.jpg 2560w, https:\/\/npcfotografia.site\/wp-content\/uploads\/2024\/03\/PUESTA-DE-SOL--300x157.jpg 300w, https:\/\/npcfotografia.site\/wp-content\/uploads\/2024\/03\/PUESTA-DE-SOL--1024x535.jpg 1024w, https:\/\/npcfotografia.site\/wp-content\/uploads\/2024\/03\/PUESTA-DE-SOL--768x401.jpg 768w, https:\/\/npcfotografia.site\/wp-content\/uploads\/2024\/03\/PUESTA-DE-SOL--1536x802.jpg 1536w, https:\/\/npcfotografia.site\/wp-content\/uploads\/2024\/03\/PUESTA-DE-SOL--2048x1069.jpg 2048w, https:\/\/npcfotografia.site\/wp-content\/uploads\/2024\/03\/PUESTA-DE-SOL--990x517.jpg 990w\" sizes=\"(max-width: 2560px) 100vw, 2560px\" \/><\/figure>\n\n\n\n<figure class=\"wp-block-image size-full\"><img loading=\"lazy\" decoding=\"async\" width=\"1635\" height=\"2560\" data-id=\"288\" src=\"https:\/\/npcfotografia.site\/wp-content\/uploads\/2024\/03\/d1a-scaled.jpg\" alt=\"\" class=\"wp-image-288\" srcset=\"https:\/\/npcfotografia.site\/wp-content\/uploads\/2024\/03\/d1a-scaled.jpg 1635w, https:\/\/npcfotografia.site\/wp-content\/uploads\/2024\/03\/d1a-192x300.jpg 192w, https:\/\/npcfotografia.site\/wp-content\/uploads\/2024\/03\/d1a-654x1024.jpg 654w, https:\/\/npcfotografia.site\/wp-content\/uploads\/2024\/03\/d1a-768x1202.jpg 768w, https:\/\/npcfotografia.site\/wp-content\/uploads\/2024\/03\/d1a-981x1536.jpg 981w, https:\/\/npcfotografia.site\/wp-content\/uploads\/2024\/03\/d1a-1308x2048.jpg 1308w, https:\/\/npcfotografia.site\/wp-content\/uploads\/2024\/03\/d1a-422x660.jpg 422w\" sizes=\"(max-width: 1635px) 100vw, 1635px\" \/><\/figure>\n\n\n\n<figure class=\"wp-block-image size-full\"><img loading=\"lazy\" decoding=\"async\" width=\"1080\" height=\"689\" data-id=\"121\" src=\"https:\/\/npcfotografia.site\/wp-content\/uploads\/2024\/01\/1.jpg\" alt=\"\" class=\"wp-image-121\" srcset=\"https:\/\/npcfotografia.site\/wp-content\/uploads\/2024\/01\/1.jpg 1080w, https:\/\/npcfotografia.site\/wp-content\/uploads\/2024\/01\/1-300x191.jpg 300w, https:\/\/npcfotografia.site\/wp-content\/uploads\/2024\/01\/1-1024x653.jpg 1024w, https:\/\/npcfotografia.site\/wp-content\/uploads\/2024\/01\/1-768x490.jpg 768w\" sizes=\"(max-width: 1080px) 100vw, 1080px\" \/><\/figure>\n\n\n\n<figure class=\"wp-block-image size-full\"><img loading=\"lazy\" decoding=\"async\" width=\"2560\" height=\"1708\" data-id=\"227\" src=\"https:\/\/npcfotografia.site\/wp-content\/uploads\/2024\/03\/toledo-nieblas-4-scaled.jpg\" alt=\"\" class=\"wp-image-227\" srcset=\"https:\/\/npcfotografia.site\/wp-content\/uploads\/2024\/03\/toledo-nieblas-4-scaled.jpg 2560w, https:\/\/npcfotografia.site\/wp-content\/uploads\/2024\/03\/toledo-nieblas-4-300x200.jpg 300w\" sizes=\"(max-width: 2560px) 100vw, 2560px\" \/><\/figure>\n<\/figure>\n\n\n\n","protected":false},"excerpt":{"rendered":"<p>Mi nombre es NASTASIE POPESCU CLAUDIUNac\u00ed en Drobeta Turnu Severin, una hermosa ciudad de Rumania, que se encuentra en la &hellip; <a href=\"https:\/\/npcfotografia.site\/\" class=\"more-link\"><span class=\"more-button\">Continue Reading<span class=\"screen-reader-text\">Inicio<\/span><\/span><\/a><\/p>\n","protected":false},"author":1,"featured_media":0,"parent":0,"menu_order":0,"comment_status":"closed","ping_status":"closed","template":"","meta":{"footnotes":""},"_links":{"self":[{"href":"https:\/\/npcfotografia.site\/index.php?rest_route=\/wp\/v2\/pages\/168"}],"collection":[{"href":"https:\/\/npcfotografia.site\/index.php?rest_route=\/wp\/v2\/pages"}],"about":[{"href":"https:\/\/npcfotografia.site\/index.php?rest_route=\/wp\/v2\/types\/page"}],"author":[{"embeddable":true,"href":"https:\/\/npcfotografia.site\/index.php?rest_route=\/wp\/v2\/users\/1"}],"replies":[{"embeddable":true,"href":"https:\/\/npcfotografia.site\/index.php?rest_route=%2Fwp%2Fv2%2Fcomments&post=168"}],"version-history":[{"count":39,"href":"https:\/\/npcfotografia.site\/index.php?rest_route=\/wp\/v2\/pages\/168\/revisions"}],"predecessor-version":[{"id":451,"href":"https:\/\/npcfotografia.site\/index.php?rest_route=\/wp\/v2\/pages\/168\/revisions\/451"}],"wp:attachment":[{"href":"https:\/\/npcfotografia.site\/index.php?rest_route=%2Fwp%2Fv2%2Fmedia&parent=168"}],"curies":[{"name":"wp","href":"https:\/\/api.w.org\/{rel}","templated":true}]}}